{"id":8172,"date":"2020-03-24T17:16:39","date_gmt":"2020-03-24T15:16:39","guid":{"rendered":"https:\/\/www.schellingschule.de\/?page_id=8172"},"modified":"2020-03-24T17:16:39","modified_gmt":"2020-03-24T15:16:39","slug":"neues-thema-bis-juni","status":"publish","type":"page","link":"https:\/\/www.schellingschule.de\/?page_id=8172","title":{"rendered":"Neues Thema bis Juni"},"content":{"rendered":"<p style=\"text-align: center\"><span style=\"color: #000000\"><strong>Meine Fantasieblume<\/strong><\/span><\/p>\n<p style=\"text-align: center\">Der Fr\u00fchling ist wieder zur\u00fcckgekehrt \u00a0und alles beginnt wieder zu bl\u00fchen.<\/p>\n<p style=\"text-align: center\">\u00dcberall, wo du hinschaust, wird die Natur wieder farbenfroh.<\/p>\n<p style=\"text-align: center\">\u00dcberlege dir eine Fantasieblume, die so in der Natur noch nie gesehen wurde. Verwende m\u00f6glichst viele Farben, sodass dein Bild sch\u00f6n bunt wird.<\/p>\n<p style=\"text-align: center\">Male oder gestalte deine Fantasieblume &#8211; vielleicht gerade jetzt, wo du zu Hause mehr Zeit hast.<\/p>\n<p style=\"text-align: center\">Wir freuen uns \u00fcber viele bunte Blumen, die unsere Wand und Schule versch\u00f6nern werden.<\/p>\n<p style=\"text-align: center\">Gib dein Bild bis sp\u00e4testens Donnerstag, dem 25. Juni 2020, bei Fr. Schwabe und Fr. Burkhardt ab.<\/p>\n<p style=\"text-align: center\">\n","protected":false},"excerpt":{"rendered":"<p>Meine Fantasieblume Der Fr\u00fchling ist wieder zur\u00fcckgekehrt \u00a0und alles beginnt wieder zu bl\u00fchen. \u00dcberall, wo du hinschaust, wird die Natur wieder farbenfroh. \u00dcberlege dir eine Fantasieblume, die so in der Natur noch nie gesehen wurde. Verwende m\u00f6glichst viele Farben, sodass &hellip; <a href=\"https:\/\/www.schellingschule.de\/?page_id=8172\">Weiterlesen <span class=\"meta-nav\">&rarr;<\/span><\/a><\/p>\n","protected":false},"author":7,"featured_media":0,"parent":0,"menu_order":0,"comment_status":"closed","ping_status":"closed","template":"","meta":{"footnotes":""},"class_list":["post-8172","page","type-page","status-publish","hentry"],"_links":{"self":[{"href":"https:\/\/www.schellingschule.de\/index.php?rest_route=\/wp\/v2\/pages\/8172","targetHints":{"allow":["GET"]}}],"collection":[{"href":"https:\/\/www.schellingschule.de\/index.php?rest_route=\/wp\/v2\/pages"}],"about":[{"href":"https:\/\/www.schellingschule.de\/index.php?rest_route=\/wp\/v2\/types\/page"}],"author":[{"embeddable":true,"href":"https:\/\/www.schellingschule.de\/index.php?rest_route=\/wp\/v2\/users\/7"}],"replies":[{"embeddable":true,"href":"https:\/\/www.schellingschule.de\/index.php?rest_route=%2Fwp%2Fv2%2Fcomments&post=8172"}],"version-history":[{"count":3,"href":"https:\/\/www.schellingschule.de\/index.php?rest_route=\/wp\/v2\/pages\/8172\/revisions"}],"predecessor-version":[{"id":8176,"href":"https:\/\/www.schellingschule.de\/index.php?rest_route=\/wp\/v2\/pages\/8172\/revisions\/8176"}],"wp:attachment":[{"href":"https:\/\/www.schellingschule.de\/index.php?rest_route=%2Fwp%2Fv2%2Fmedia&parent=8172"}],"curies":[{"name":"wp","href":"https:\/\/api.w.org\/{rel}","templated":true}]}}