{"id":6257,"date":"2016-12-16T09:09:34","date_gmt":"2016-12-16T07:09:34","guid":{"rendered":"http:\/\/www.schellingschule.de\/?page_id=6257"},"modified":"2016-12-19T12:45:57","modified_gmt":"2016-12-19T10:45:57","slug":"verschaerfte-kontrollen-bei-den-neuntklaesslern-in-strassburg","status":"publish","type":"page","link":"https:\/\/www.schellingschule.de\/?page_id=6257","title":{"rendered":"Versch\u00e4rfte Kontrollen bei den Neuntkl\u00e4sslern in Stra\u00dfburg"},"content":{"rendered":"<style><!--\n\/* Font Definitions *\/\n @font-face\n\t{font-family:\"Cambria Math\";\n\tpanose-1:2 4 5 3 5 4 6 3 2 4;\n\tmso-font-charset:0;\n\tmso-generic-font-family:roman;\n\tmso-font-pitch:variable;\n\tmso-font-signature:-536870145 1107305727 0 0 415 0;}\n@font-face\n\t{font-family:Calibri;\n\tpanose-1:2 15 5 2 2 2 4 3 2 4;\n\tmso-font-charset:0;\n\tmso-generic-font-family:swiss;\n\tmso-font-pitch:variable;\n\tmso-font-signature:-536870145 1073786111 1 0 415 0;}\n \/* Style Definitions *\/\n p.MsoNormal, li.MsoNormal, div.MsoNormal\n\t{mso-style-unhide:no;\n\tmso-style-qformat:yes;\n\tmso-style-parent:\"\";\n\tmargin-top:0cm;\n\tmargin-right:0cm;\n\tmargin-bottom:8.0pt;\n\tmargin-left:0cm;\n\tline-height:107%;\n\tmso-pagination:widow-orphan;\n\tfont-size:11.0pt;\n\tfont-family:\"Calibri\",sans-serif;\n\tmso-ascii-font-family:Calibri;\n\tmso-ascii-theme-font:minor-latin;\n\tmso-fareast-font-family:Calibri;\n\tmso-fareast-theme-font:minor-latin;\n\tmso-hansi-font-family:Calibri;\n\tmso-hansi-theme-font:minor-latin;\n\tmso-bidi-font-family:\"Times New Roman\";\n\tmso-bidi-theme-font:minor-bidi;\n\tmso-fareast-language:EN-US;}\n.MsoChpDefault\n\t{mso-style-type:export-only;\n\tmso-default-props:yes;\n\tfont-family:\"Calibri\",sans-serif;\n\tmso-ascii-font-family:Calibri;\n\tmso-ascii-theme-font:minor-latin;\n\tmso-fareast-font-family:Calibri;\n\tmso-fareast-theme-font:minor-latin;\n\tmso-hansi-font-family:Calibri;\n\tmso-hansi-theme-font:minor-latin;\n\tmso-bidi-font-family:\"Times New Roman\";\n\tmso-bidi-theme-font:minor-bidi;\n\tmso-fareast-language:EN-US;}\n.MsoPapDefault\n\t{mso-style-type:export-only;\n\tmargin-bottom:8.0pt;\n\tline-height:107%;}\n@page WordSection1\n\t{size:612.0pt 792.0pt;\n\tmargin:70.85pt 70.85pt 2.0cm 70.85pt;\n\tmso-header-margin:36.0pt;\n\tmso-footer-margin:36.0pt;\n\tmso-paper-source:0;}\ndiv.WordSection1\n\t{page:WordSection1;}\n--><\/style>\n<p class=\"MsoNormal\" style=\"text-align: center;\" align=\"center\"><span style=\"text-decoration: underline;\"><span style=\"font-size: 20.0pt; line-height: 107%; font-family: 'Arial',sans-serif;\">Versch\u00e4rfte Kontrollen in Stra\u00dfburg<\/span><\/span><span style=\"text-decoration: underline;\"><span style=\"font-size: 20.0pt; line-height: 107%; font-family: 'Arial',sans-serif;\">!<\/span><\/span><\/p>\n<p style=\"text-align: center;\"><a href=\"http:\/\/www.schellingschule.de\/wp-content\/uploads\/2016\/12\/DSCF42191.jpg\"><img loading=\"lazy\" decoding=\"async\" class=\"alignleft size-full wp-image-6280\" alt=\"DSCF4219\" src=\"http:\/\/www.schellingschule.de\/wp-content\/uploads\/2016\/12\/DSCF42191.jpg\" width=\"800\" height=\"600\" srcset=\"https:\/\/www.schellingschule.de\/wp-content\/uploads\/2016\/12\/DSCF42191.jpg 800w, https:\/\/www.schellingschule.de\/wp-content\/uploads\/2016\/12\/DSCF42191-300x225.jpg 300w, https:\/\/www.schellingschule.de\/wp-content\/uploads\/2016\/12\/DSCF42191-400x300.jpg 400w\" sizes=\"auto, (max-width: 800px) 100vw, 800px\" \/><\/a><\/p>\n<p style=\"text-align: justify;\"><span style=\"font-size: 12.0pt; line-height: 107%; font-family: 'Arial',sans-serif;\">Um 6:30 Uhr klingelte der Wecker am 30. November 2016. Schnell standen wir auf, gingen unter die warme Dusche, b\u00fcgelten unsere Sachen und zogen uns an. Beim B\u00e4cker kauften wir noch was Leckeres f\u00fcr die Busfahrt und machten uns anschlie\u00dfend auf den Weg zur Schule. Gegen 7:10 Uhr kamen wir im Klassenzimmer an, setzten uns auf noch freie St\u00fchle und warteten auf unsere Klassenkameraden, welche ihre P\u00e4sse vergessen hatten und deshalb noch einmal nach Hause gehen mussten. Nach 10-15 Minuten kamen sie endlich und wir gingen gemeinsam mit der Paraklasse zum Bus. Ein paar Minuten<span style=\"mso-spacerun: yes;\">\u00a0 <\/span>sp\u00e4ter ging die Fahrt dann auch endlich los. Der Busfahrer war sehr freundlich und fuhr auch sehr gut!<\/span><\/p>\n<p style=\"text-align: justify;\"><span style=\"font-size: 12.0pt; line-height: 107%; font-family: 'Arial',sans-serif;\">Vor der Grenze gab uns Herr B\u00f6lz-Hohkamp, durch das Mikrofon, sodass wir es alle h\u00f6ren konnten, Reiseinformationen. Er machte uns z.B. auf den wundersch\u00f6nen Rhein aufmerksam. Alle Sch\u00fcler schauten aus den Fenstern und betrachteten den Grenzverlauf zwischen Deutschland und Frankreich. Um 9:45 Uhr waren wir in Stra\u00dfburg. Alle Sch\u00fclerinnen und Sch\u00fcler waren sehr aufgeregt, da wir nicht wussten, was uns erwarten w\u00fcrde.<\/span><\/p>\n<p style=\"text-align: justify;\"><span style=\"font-size: 12.0pt; line-height: 107%; font-family: 'Arial',sans-serif;\">Zuerst gingen wir auf einen Soldatenfriedhof. Herr B\u00f6lz-Hohkamp erz\u00e4hlte uns \u00fcber den zehnj\u00e4hrigen Krieg zwischen Frankreich und Algerien. Viele Kreuze und Grabsteine, sie erinnern uns an die gefallenen Soldaten aus dem 1. Und 2. Weltkrieg, sahen <span style=\"mso-spacerun: yes;\">\u00a0<\/span>wir &#8211; <span style=\"mso-spacerun: yes;\">\u00a0<\/span>Franzosen, Italiener, Deutsche, Engl\u00e4nder und Russen wurden <span style=\"mso-spacerun: yes;\">\u00a0<\/span>hier begraben, egal ob <span style=\"mso-spacerun: yes;\">\u00a0<\/span>Christen, Juden oder Muslime.<\/span><\/p>\n<p style=\"text-align: justify;\"><span style=\"font-size: 12.0pt; line-height: 107%; font-family: 'Arial',sans-serif;\"><a href=\"http:\/\/www.schellingschule.de\/wp-content\/uploads\/2016\/12\/DSCF41991.jpg\"><img loading=\"lazy\" decoding=\"async\" class=\"alignleft size-full wp-image-6279\" alt=\"DSCF4199\" src=\"http:\/\/www.schellingschule.de\/wp-content\/uploads\/2016\/12\/DSCF41991.jpg\" width=\"769\" height=\"476\" srcset=\"https:\/\/www.schellingschule.de\/wp-content\/uploads\/2016\/12\/DSCF41991.jpg 769w, https:\/\/www.schellingschule.de\/wp-content\/uploads\/2016\/12\/DSCF41991-300x185.jpg 300w, https:\/\/www.schellingschule.de\/wp-content\/uploads\/2016\/12\/DSCF41991-484x300.jpg 484w\" sizes=\"auto, (max-width: 769px) 100vw, 769px\" \/><\/a>Nach einer halben Stunde gingen wir wieder zum Bus zur\u00fcck und fuhren zur Statue \u201e<i style=\"mso-bidi-font-style: normal;\">Mutter Elsass und ihre zwei S\u00f6hne<\/i>\u201c. Nach diesem Mahnmal ging es weiter Richtung Weihnachtsmarkt. Wir schauten uns das M\u00fcnster an, das eine H\u00f6he von 144 Meter und 332 Stufen hat.<span style=\"mso-spacerun: yes;\">\u00a0 <\/span>Es ist wundersch\u00f6n, aber leider konnten wir nicht hinein, da der Turm und das M\u00fcnster, wahrscheinlich aus Sicherheitsgr\u00fcnden, abgeschlossen waren.<\/span><\/p>\n<p style=\"text-align: justify;\"><span style=\"font-size: 12.0pt; line-height: 107%; font-family: 'Arial',sans-serif;\">Nun bildeten wir Gruppen und schauten uns den Weihnachtsmarkt an. Wir merkten, dass die Franzosen schon richtig in Weihnachtsstimmung sind: Die meisten H\u00e4user sind geschm\u00fcckt, und \u00fcberall leuchten Lichterketten. Das sieht sehr sch\u00f6n aus. Nach ungef\u00e4hr einer halben Stunde trafen wir uns wieder vor dem M\u00fcnster. Da das M\u00fcnster wieder ge\u00f6ffnet war, ging Frau Pacholke-Schmidt mit den Sch\u00fclern, welche noch nicht drin gewesen waren, hinein. Es hat mir im M\u00fcnster richtig gut gefallen! Vor dem M\u00fcnster sa\u00df ein junger Musiker. Er spielte auf einem Didgeridoo, das ist ein australisches Musikinstrument, wundersch\u00f6ne Melodien. Wir wurden musikalisch verzaubert.<br \/>\n<a href=\"http:\/\/www.schellingschule.de\/wp-content\/uploads\/2016\/12\/DSCF42241.jpg\"><img loading=\"lazy\" decoding=\"async\" class=\"alignleft size-full wp-image-6281\" alt=\"DSCF4224\" src=\"http:\/\/www.schellingschule.de\/wp-content\/uploads\/2016\/12\/DSCF42241.jpg\" width=\"800\" height=\"600\" srcset=\"https:\/\/www.schellingschule.de\/wp-content\/uploads\/2016\/12\/DSCF42241.jpg 800w, https:\/\/www.schellingschule.de\/wp-content\/uploads\/2016\/12\/DSCF42241-300x225.jpg 300w, https:\/\/www.schellingschule.de\/wp-content\/uploads\/2016\/12\/DSCF42241-400x300.jpg 400w\" sizes=\"auto, (max-width: 800px) 100vw, 800px\" \/><\/a><\/span><span style=\"font-size: 12.0pt; line-height: 107%; font-family: 'Arial',sans-serif;\">Was uns aber zum Nachdenken brachte, war die Tatsache, dass so viele Polizisten und Soldaten auf den Stra\u00dfen und rund um das M\u00fcnster patroullierten. Sie schauten in Rucks\u00e4cke und Taschen. Hatten sie Angst vor einem Attentat? Aber wir lie\u00dfen uns nicht einsch\u00fcchtern. Bei Drohungen sollte man erst recht raus, und den Leuten zeigen, dass man sich nicht einsch\u00fcchtern l\u00e4sst. Leider ging die Zeit viel zu schnell vorbei.<\/span><\/p>\n<p>Es war ein wundersch\u00f6ner Ausflug!<\/p>\n<p>Adrian und Emre aus den Klassen 9a und 9b<\/p>\n<p>&nbsp;<\/p>\n","protected":false},"excerpt":{"rendered":"<p>Versch\u00e4rfte Kontrollen in Stra\u00dfburg! Um 6:30 Uhr klingelte der Wecker am 30. November 2016. Schnell standen wir auf, gingen unter die warme Dusche, b\u00fcgelten unsere Sachen und zogen uns an. Beim B\u00e4cker kauften wir noch was Leckeres f\u00fcr die Busfahrt &hellip; <a href=\"https:\/\/www.schellingschule.de\/?page_id=6257\">Weiterlesen <span class=\"meta-nav\">&rarr;<\/span><\/a><\/p>\n","protected":false},"author":1,"featured_media":0,"parent":0,"menu_order":0,"comment_status":"closed","ping_status":"open","template":"","meta":{"footnotes":""},"class_list":["post-6257","page","type-page","status-publish","hentry"],"_links":{"self":[{"href":"https:\/\/www.schellingschule.de\/index.php?rest_route=\/wp\/v2\/pages\/6257","targetHints":{"allow":["GET"]}}],"collection":[{"href":"https:\/\/www.schellingschule.de\/index.php?rest_route=\/wp\/v2\/pages"}],"about":[{"href":"https:\/\/www.schellingschule.de\/index.php?rest_route=\/wp\/v2\/types\/page"}],"author":[{"embeddable":true,"href":"https:\/\/www.schellingschule.de\/index.php?rest_route=\/wp\/v2\/users\/1"}],"replies":[{"embeddable":true,"href":"https:\/\/www.schellingschule.de\/index.php?rest_route=%2Fwp%2Fv2%2Fcomments&post=6257"}],"version-history":[{"count":8,"href":"https:\/\/www.schellingschule.de\/index.php?rest_route=\/wp\/v2\/pages\/6257\/revisions"}],"predecessor-version":[{"id":6283,"href":"https:\/\/www.schellingschule.de\/index.php?rest_route=\/wp\/v2\/pages\/6257\/revisions\/6283"}],"wp:attachment":[{"href":"https:\/\/www.schellingschule.de\/index.php?rest_route=%2Fwp%2Fv2%2Fmedia&parent=6257"}],"curies":[{"name":"wp","href":"https:\/\/api.w.org\/{rel}","templated":true}]}}