{"id":4702,"date":"2014-10-23T15:43:39","date_gmt":"2014-10-23T13:43:39","guid":{"rendered":"http:\/\/www.schellingschule.de\/?page_id=4702"},"modified":"2014-10-23T17:39:47","modified_gmt":"2014-10-23T15:39:47","slug":"das-schullandheim-der-klasse-7-am-bodensee","status":"publish","type":"page","link":"https:\/\/www.schellingschule.de\/?page_id=4702","title":{"rendered":"Das Schullandheim der Klasse 7 am Bodensee"},"content":{"rendered":"<p>Schullandheim der 7. Klasse<br \/>\n22. September \u2013 26. September 2014<br \/>\n<a href=\"http:\/\/www.schellingschule.de\/wp-content\/uploads\/2014\/10\/2.-Bild-Konstanz.jpg\"><img loading=\"lazy\" decoding=\"async\" class=\" wp-image-4705 aligncenter\" alt=\"2. Bild Konstanz\" src=\"http:\/\/www.schellingschule.de\/wp-content\/uploads\/2014\/10\/2.-Bild-Konstanz.jpg\" width=\"456\" height=\"342\" srcset=\"https:\/\/www.schellingschule.de\/wp-content\/uploads\/2014\/10\/2.-Bild-Konstanz.jpg 456w, https:\/\/www.schellingschule.de\/wp-content\/uploads\/2014\/10\/2.-Bild-Konstanz-300x225.jpg 300w, https:\/\/www.schellingschule.de\/wp-content\/uploads\/2014\/10\/2.-Bild-Konstanz-400x300.jpg 400w\" sizes=\"auto, (max-width: 456px) 100vw, 456px\" \/><\/a>Erwartungsvolle und erfreute Gesichter zeigten wir 17 Sch\u00fclerinnen und Sch\u00fcler der siebten Klasse unseren Lehrern, Herrn Wentsch und Frau Pacholke-Schmidt, als wir uns mit \u00f6ffentlichen Verkehrsmitteln auf den Weg ins Schullandheim machten. Ziel der Reise war die Jugendherberge in Konstanz, die uns bis Freitag als Unterkunft dienen sollte.<\/p>\n<p>Nach der Erkundung der neuen Umgebung sowie dem Bezug unserer Vier- und Sechsbettzimmer gingen wir im G\u00e4nsemarsch auf einem schmalen Pfad\u00a0 zum Hafen. Es war f\u00fcr viele Sch\u00fcler die erste Fahrt auf einer Autof\u00e4hre, welche uns nach Meersburg \u00fcbersetzte. Nach der Burgbesichtigung konnten wir in Kleingruppen die Altstadt sowie die Uferpromenade kennenlernen.<br \/>\nUm 18.00 Uhr, wir hatten unsere Betten bereits erfolgreich \u00fcberzogen, lernten wir die K\u00f6stlichkeiten der Jugendherbergsk\u00fcche kennen. Auf der gro\u00dfen Terrasse mit Blick auf den Bodensee genossen wir an diesem ersten Abend sowie an allen anderen Tagen unsere Mahlzeiten.<\/p>\n<p>Am n\u00e4chsten Tag setzten wir wieder mit der F\u00e4hre nach Meersburg \u00fcber, um mit den Bussen zum Affenberg zu gelangen. Die Freundlichkeit und Hilfsbereitschaft der Busfahrer sowie der Fahrg\u00e4ste\u00a0 war f\u00fcr uns eine neue Erfahrung, die wir w\u00e4hrend unseres gesamten Schullandheimaufenthaltes machten.<\/p>\n<p>Nachdem wir die im Gehege freilebenden Berberaffen mit Popcorn gef\u00fcttert und bei dabei von einer Tierpflegerin viel Wissenswertes \u00fcber diese Affenart erfahren hatten, ging es, gest\u00e4rkt durch unser Lunchpaket, welches wir uns am Morgen eigenst\u00e4ndig herrichten durften, zu Fu\u00df zum Kloster Birnau. Die Aussicht auf das Schw\u00e4bische Meer, die zehn Uhren sowie die Gestaltung des Klosters, brachten uns zum Staunen.<br \/>\n<a href=\"http:\/\/www.schellingschule.de\/wp-content\/uploads\/2014\/10\/6.-Bild-Konstanz.jpg\"><img loading=\"lazy\" decoding=\"async\" class=\"size-full wp-image-4719 aligncenter\" alt=\"6. Bild Konstanz\" src=\"http:\/\/www.schellingschule.de\/wp-content\/uploads\/2014\/10\/6.-Bild-Konstanz.jpg\" width=\"456\" height=\"342\" srcset=\"https:\/\/www.schellingschule.de\/wp-content\/uploads\/2014\/10\/6.-Bild-Konstanz.jpg 456w, https:\/\/www.schellingschule.de\/wp-content\/uploads\/2014\/10\/6.-Bild-Konstanz-300x225.jpg 300w, https:\/\/www.schellingschule.de\/wp-content\/uploads\/2014\/10\/6.-Bild-Konstanz-400x300.jpg 400w\" sizes=\"auto, (max-width: 456px) 100vw, 456px\" \/><\/a>Auf ausgetretenen Stufen eines Weinberges wanderten wir zum Ufer des Bodensees. Schnell zogen wir unsere Schuhe aus, krempelten die Hosen hoch und testeten die Temperatur des Sees. Erfrischt ging es auf der Uferstra\u00dfe\u00a0 weiter, zu den bekannten Pfahlbauten nach Unteruhldingen.<br \/>\n<a href=\"http:\/\/www.schellingschule.de\/wp-content\/uploads\/2014\/10\/Bild-Konstanz.jpg\"><img loading=\"lazy\" decoding=\"async\" class=\"size-full wp-image-4707 aligncenter\" alt=\"Bild Konstanz\" src=\"http:\/\/www.schellingschule.de\/wp-content\/uploads\/2014\/10\/Bild-Konstanz.jpg\" width=\"456\" height=\"342\" srcset=\"https:\/\/www.schellingschule.de\/wp-content\/uploads\/2014\/10\/Bild-Konstanz.jpg 456w, https:\/\/www.schellingschule.de\/wp-content\/uploads\/2014\/10\/Bild-Konstanz-300x225.jpg 300w, https:\/\/www.schellingschule.de\/wp-content\/uploads\/2014\/10\/Bild-Konstanz-400x300.jpg 400w\" sizes=\"auto, (max-width: 456px) 100vw, 456px\" \/><\/a>Am dritten Tag unseres Schullandheimaufenthaltes standen Flo\u00dfbau und Teamkanadier, durchgef\u00fchrt vom Hochschulsport Konstanz, auf dem Programm. Drei Gruppen \u201ekauften\u201c, nachdem sie einen Bauplan erstellt hatten, von ihrem zur Verf\u00fcgung gestellten Geld, Materialien, um eigenst\u00e4ndig ein Flo\u00df zu bauen.\u00a0 Bretter und Schn\u00fcre in unterschiedlichen L\u00e4ngen sowie \u00fcbergro\u00dfe Schwimmreifen wurden verarbeitet. Immer wieder wurden Ideen \u00fcberpr\u00fcft und Ratschl\u00e4ge vom Fachmann der Uni durch Zusatzaufgaben,\u00a0 z.B. 50 Liegest\u00fctzen, \u201eeingekauft\u201c. Nachdem unsere Flo\u00dfe den Sicherheitscheck bestanden hatten, testeten wir deren Schwimmf\u00e4higkeit auf dem Bodensee, immer unter den wachsamen Augen unseres Betreuers. Dieses Erfolgserlebnis setzte unglaubliche Kr\u00e4fte in uns frei, welche wir auch brauchten, um unsere Flo\u00dfe mit Hilfe der Paddels\u00a0 fortzubewegen, aber auch um uns gegenseitig nass zu spritzen oder ins erfrischende Bodenseewasser zu\u00a0 werfen.<br \/>\n<a href=\"http:\/\/www.schellingschule.de\/wp-content\/uploads\/2014\/10\/5.-Bild-Konstanz.jpg\"><img loading=\"lazy\" decoding=\"async\" class=\"size-full wp-image-4706 aligncenter\" alt=\"5. Bild Konstanz\" src=\"http:\/\/www.schellingschule.de\/wp-content\/uploads\/2014\/10\/5.-Bild-Konstanz.jpg\" width=\"456\" height=\"342\" srcset=\"https:\/\/www.schellingschule.de\/wp-content\/uploads\/2014\/10\/5.-Bild-Konstanz.jpg 456w, https:\/\/www.schellingschule.de\/wp-content\/uploads\/2014\/10\/5.-Bild-Konstanz-300x225.jpg 300w, https:\/\/www.schellingschule.de\/wp-content\/uploads\/2014\/10\/5.-Bild-Konstanz-400x300.jpg 400w\" sizes=\"auto, (max-width: 456px) 100vw, 456px\" \/><\/a>Am Nachmittag waren wir noch einmal aktiv auf dem Bodensee unterwegs, denn wir fuhren, eingeteilt auf zwei Teamkanadier, von der Blumeninsel Mainau, quer \u00fcber den Bodensee, nach Unteruhldingen und zur\u00fcck.<\/p>\n<p>Am Donnerstag fuhren wir mit dem Baden-W\u00fcrttemberg-Ticket nach Schaffhausen in die Schweiz.<br \/>\nNun konnten wir Informationen, welche wir im WZG-Unterricht bereits \u00fcber den Rheinfall erfahren hatten, in Wirklichkeit bestaunen. Ein Boot brachte uns zum Felsen und wir stiegen die nasse, schmale Treppe zur Aussichtsplattform hoch, um f\u00fcr einige Augenblicke die Aussicht zu genie\u00dfen.<br \/>\n<a href=\"http:\/\/www.schellingschule.de\/wp-content\/uploads\/2014\/10\/8.-Bild-Konstanz.jpg\"><img loading=\"lazy\" decoding=\"async\" class=\"size-full wp-image-4713 aligncenter\" alt=\"8. Bild Konstanz\" src=\"http:\/\/www.schellingschule.de\/wp-content\/uploads\/2014\/10\/8.-Bild-Konstanz.jpg\" width=\"456\" height=\"342\" srcset=\"https:\/\/www.schellingschule.de\/wp-content\/uploads\/2014\/10\/8.-Bild-Konstanz.jpg 456w, https:\/\/www.schellingschule.de\/wp-content\/uploads\/2014\/10\/8.-Bild-Konstanz-300x225.jpg 300w, https:\/\/www.schellingschule.de\/wp-content\/uploads\/2014\/10\/8.-Bild-Konstanz-400x300.jpg 400w\" sizes=\"auto, (max-width: 456px) 100vw, 456px\" \/><\/a>Nach dem Abendessen fuhren wir in die Altstadt von Konstanz, um das abendliche Flair der Uferpromenade sowie &#8222;Frau Konstanze&#8220; kennenzulernen.<\/p>\n<p>Am letzten Tag, nachdem wir schweren Herzens die Jugendherberge verlassen hatten, wurde der Unterwasserwelt \u201eSea Life\u201c in Konstanz ein Besuch abgestattet. Wir hatten wieder einmal Gl\u00fcck, denn unser Guide war nicht nur kinderfreundlich, er konnte uns sein Wissen auch noch kindgerecht vermitteln.<br \/>\nBevor wir die M\u00f6glichkeit hatten, die Altstadt in Kleingruppen zu erkunden, bestiegen wir den Turm der Konstanzer Stadtkirche, um dieser wundersch\u00f6nen Stadt Konstanz, dem Bodensee und der Jugendherberge, &#8222;Tsch\u00fcss&#8220; zu sagen.<\/p>\n<p>Wer wei\u00df, vielleicht fahren wir wieder einmal nach Konstanz, an den Bodensee, dann aber hoffentlich auch mit unseren Klassenkameradinnen Dania, Florentina und unserem Klassenkameraden \u00d6zg\u00fcr, denn:<\/p>\n<p>Wenn ich den See seh,<br \/>\nbrauch ich kein Meer mehr,<br \/>\ndenn der sch\u00f6ne Bodensee macht so viel mehr her.<br \/>\nHier kann ich segeln, kann ich baden,<br \/>\nmit dem Radel\u00a0 Runden radeln<br \/>\nunser Bodensee\u00a0 ist einfach wundersch\u00f6n.<br \/>\n<a href=\"http:\/\/www.schellingschule.de\/wp-content\/uploads\/2014\/10\/Foto-Konstanz-7.-KLasse.jpg\"><img loading=\"lazy\" decoding=\"async\" class=\"size-full wp-image-4712 aligncenter\" alt=\"Foto Konstanz 7. KLasse\" src=\"http:\/\/www.schellingschule.de\/wp-content\/uploads\/2014\/10\/Foto-Konstanz-7.-KLasse.jpg\" width=\"456\" height=\"342\" srcset=\"https:\/\/www.schellingschule.de\/wp-content\/uploads\/2014\/10\/Foto-Konstanz-7.-KLasse.jpg 456w, https:\/\/www.schellingschule.de\/wp-content\/uploads\/2014\/10\/Foto-Konstanz-7.-KLasse-300x225.jpg 300w, https:\/\/www.schellingschule.de\/wp-content\/uploads\/2014\/10\/Foto-Konstanz-7.-KLasse-400x300.jpg 400w\" sizes=\"auto, (max-width: 456px) 100vw, 456px\" \/><\/a>Eure Siebtkl\u00e4sslerinnen und Siebtkl\u00e4ssler der Schellingschule:<br \/>\nAdrian, Ahmed, Armin, Biljana, Denise, Dennis, Emre, Evangelia, Fabiana, Ioannis, Jonas, Lonita, Maria, Marina, Niclas, Stephanie und Vanja<\/p>\n","protected":false},"excerpt":{"rendered":"<p>Schullandheim der 7. Klasse 22. September \u2013 26. September 2014 Erwartungsvolle und erfreute Gesichter zeigten wir 17 Sch\u00fclerinnen und Sch\u00fcler der siebten Klasse unseren Lehrern, Herrn Wentsch und Frau Pacholke-Schmidt, als wir uns mit \u00f6ffentlichen Verkehrsmitteln auf den Weg ins &hellip; <a href=\"https:\/\/www.schellingschule.de\/?page_id=4702\">Weiterlesen <span class=\"meta-nav\">&rarr;<\/span><\/a><\/p>\n","protected":false},"author":1,"featured_media":0,"parent":0,"menu_order":0,"comment_status":"closed","ping_status":"open","template":"sidebar-page.php","meta":{"footnotes":""},"class_list":["post-4702","page","type-page","status-publish","hentry"],"_links":{"self":[{"href":"https:\/\/www.schellingschule.de\/index.php?rest_route=\/wp\/v2\/pages\/4702","targetHints":{"allow":["GET"]}}],"collection":[{"href":"https:\/\/www.schellingschule.de\/index.php?rest_route=\/wp\/v2\/pages"}],"about":[{"href":"https:\/\/www.schellingschule.de\/index.php?rest_route=\/wp\/v2\/types\/page"}],"author":[{"embeddable":true,"href":"https:\/\/www.schellingschule.de\/index.php?rest_route=\/wp\/v2\/users\/1"}],"replies":[{"embeddable":true,"href":"https:\/\/www.schellingschule.de\/index.php?rest_route=%2Fwp%2Fv2%2Fcomments&post=4702"}],"version-history":[{"count":13,"href":"https:\/\/www.schellingschule.de\/index.php?rest_route=\/wp\/v2\/pages\/4702\/revisions"}],"predecessor-version":[{"id":4731,"href":"https:\/\/www.schellingschule.de\/index.php?rest_route=\/wp\/v2\/pages\/4702\/revisions\/4731"}],"wp:attachment":[{"href":"https:\/\/www.schellingschule.de\/index.php?rest_route=%2Fwp%2Fv2%2Fmedia&parent=4702"}],"curies":[{"name":"wp","href":"https:\/\/api.w.org\/{rel}","templated":true}]}}