{"id":3545,"date":"2014-03-12T21:12:27","date_gmt":"2014-03-12T19:12:27","guid":{"rendered":"http:\/\/www.schellingschule.de\/?page_id=3545"},"modified":"2014-03-16T12:22:21","modified_gmt":"2014-03-16T10:22:21","slug":"eine-menge-spas-beim-buchstabenfest","status":"publish","type":"page","link":"https:\/\/www.schellingschule.de\/?page_id=3545","title":{"rendered":"Eine Menge Spa\u00df beim Buchstabenfest"},"content":{"rendered":"<p style=\"text-align: center;\"><b style=\"mso-bidi-font-weight: normal;\"><span style=\"font-family: 'Arial','sans-serif';\"><strong><span style=\"color: #000000; font-size: medium;\">Eine Menge Spa\u00df beim Buchstabenfest!<\/span><\/strong><\/span><\/b><\/p>\n<p style=\"margin: 0cm 0cm 10pt; text-align: justify;\"><span style=\"font-family: 'Arial','sans-serif';\"><span style=\"color: #000000; font-size: medium;\">Im Februar feierten alle vier Klassen der Eingangsstufe ein Buchstabenfest. Das Fest startete mit einem tollen Programm, das die Kinder f\u00fcr ihre Eltern vorbereitet hatten; so wurde beispielsweise gesungen und gerappt, alles nat\u00fcrlich zum Motto \u201eBuchstaben\u201c!<br \/>\n<strong><\/strong><strong><a href=\"http:\/\/www.schellingschule.de\/wp-content\/uploads\/2014\/03\/Buchfest-1-e1394964774207.jpg\"><img loading=\"lazy\" decoding=\"async\" class=\"aligncenter\" alt=\"Buchfest 1\" src=\"http:\/\/www.schellingschule.de\/wp-content\/uploads\/2014\/03\/Buchfest-1-e1394964774207.jpg\" width=\"400\" height=\"300\" \/><\/a><\/strong>\u00a0Auch ein Buchstabenr\u00e4tsel wurde vorbereitet: die Kinder legten dabei verschiedene Buchstaben mit sich selbst und die Eltern mussten erraten, um welche Buchstaben es sich handelt. Zur St\u00e4rkung danach gab es dann Kuchen, Muffins oder andere leckere Dinge, die von den Eltern gespendet worden waren &#8211; nochmals vielen Dank daf\u00fcr!<\/span><\/span><\/p>\n<p style=\"text-align: justify;\"><strong><a href=\"http:\/\/www.schellingschule.de\/wp-content\/uploads\/2014\/03\/Buchfest-3.jpg\"><img loading=\"lazy\" decoding=\"async\" class=\"aligncenter\" alt=\"Buchfest 3\" src=\"http:\/\/www.schellingschule.de\/wp-content\/uploads\/2014\/03\/Buchfest-3.jpg\" width=\"268\" height=\"167\" \/><\/a><\/strong><span style=\"font-family: 'Arial','sans-serif';\"><span style=\"color: #000000; font-size: medium;\">Danach ging es zum Hauptteil unseres sch\u00f6nen Festes: An sieben verschiedenen Stationen hatten die Lehrerinnen f\u00fcr alle Kinder Spiele, Aufgaben und R\u00e4tsel vorbereitet &#8211; <span style=\"mso-spacerun: yes;\"><span style=\"font-family: Arial;\">\u00a0<\/span><\/span>nun wurde im gesamten Schulgeb\u00e4ude und auf dem Schulhof ger\u00e4tselt, geh\u00fcpft, geangelt, geschrieben, gegessen, gef\u00fchlt und gepuzzelt, selbstverst\u00e4ndlich <span style=\"mso-spacerun: yes;\"><span style=\"font-family: Arial;\">\u00a0<\/span><\/span>wieder rund um das Thema \u201eBuchstaben\u201c.<br \/>\n<strong><\/strong><br \/>\n<strong><a href=\"http:\/\/www.schellingschule.de\/wp-content\/uploads\/2014\/03\/Buchfest-2-e1394964808111.jpg\"><img loading=\"lazy\" decoding=\"async\" class=\"aligncenter\" alt=\"Buchfest 2\" src=\"http:\/\/www.schellingschule.de\/wp-content\/uploads\/2014\/03\/Buchfest-2-e1394964808111.jpg\" width=\"400\" height=\"300\" \/><\/a><\/strong><\/span><\/span><\/p>\n<p><span style=\"font-family: 'Arial','sans-serif';\"><span style=\"color: #000000; font-size: medium;\">Es war ein sehr sch\u00f6nes Fest, das uns noch lange in Erinnerung bleiben wird! <\/span><\/span><\/p>\n<p>&nbsp;<\/p>\n<p style=\"margin: 0cm 0cm 10pt;\"><span style=\"font-family: 'Arial','sans-serif';\"><span style=\"color: #000000; font-size: medium;\">\u00a0<\/span><\/span><\/p>\n<p>&nbsp;<\/p>\n<p style=\"margin: 0cm 0cm 10pt;\"><span style=\"font-family: 'Arial','sans-serif';\"><span style=\"color: #000000; font-size: medium;\">\u00a0<\/span><\/span><\/p>\n<p>&nbsp;<\/p>\n","protected":false},"excerpt":{"rendered":"<p>Eine Menge Spa\u00df beim Buchstabenfest! Im Februar feierten alle vier Klassen der Eingangsstufe ein Buchstabenfest. Das Fest startete mit einem tollen Programm, das die Kinder f\u00fcr ihre Eltern vorbereitet hatten; so wurde beispielsweise gesungen und gerappt, alles nat\u00fcrlich zum Motto &hellip; <a href=\"https:\/\/www.schellingschule.de\/?page_id=3545\">Weiterlesen <span class=\"meta-nav\">&rarr;<\/span><\/a><\/p>\n","protected":false},"author":1,"featured_media":0,"parent":0,"menu_order":0,"comment_status":"closed","ping_status":"open","template":"sidebar-page.php","meta":{"footnotes":""},"class_list":["post-3545","page","type-page","status-publish","hentry"],"_links":{"self":[{"href":"https:\/\/www.schellingschule.de\/index.php?rest_route=\/wp\/v2\/pages\/3545","targetHints":{"allow":["GET"]}}],"collection":[{"href":"https:\/\/www.schellingschule.de\/index.php?rest_route=\/wp\/v2\/pages"}],"about":[{"href":"https:\/\/www.schellingschule.de\/index.php?rest_route=\/wp\/v2\/types\/page"}],"author":[{"embeddable":true,"href":"https:\/\/www.schellingschule.de\/index.php?rest_route=\/wp\/v2\/users\/1"}],"replies":[{"embeddable":true,"href":"https:\/\/www.schellingschule.de\/index.php?rest_route=%2Fwp%2Fv2%2Fcomments&post=3545"}],"version-history":[{"count":7,"href":"https:\/\/www.schellingschule.de\/index.php?rest_route=\/wp\/v2\/pages\/3545\/revisions"}],"predecessor-version":[{"id":3583,"href":"https:\/\/www.schellingschule.de\/index.php?rest_route=\/wp\/v2\/pages\/3545\/revisions\/3583"}],"wp:attachment":[{"href":"https:\/\/www.schellingschule.de\/index.php?rest_route=%2Fwp%2Fv2%2Fmedia&parent=3545"}],"curies":[{"name":"wp","href":"https:\/\/api.w.org\/{rel}","templated":true}]}}