{"id":34,"date":"2012-12-03T17:26:22","date_gmt":"2012-12-03T15:26:22","guid":{"rendered":"http:\/\/www.textwerkstatt.de\/wp\/?page_id=34"},"modified":"2025-09-05T15:10:45","modified_gmt":"2025-09-05T13:10:45","slug":"essen-und-trinken","status":"publish","type":"page","link":"https:\/\/www.schellingschule.de\/?page_id=34","title":{"rendered":"Essen und Trinken"},"content":{"rendered":"<p>Bei unserem Essen legen wir einen besonderen Wert auf die Frische der Lebensmittel und auf die Ber\u00fccksichtigung kultureller Hintergr\u00fcnde.<\/p>\n<h1>Fr\u00fchst\u00fcck:<\/h1>\n<p>Zwischen 9.00 Uhr und 9.15 Uhr k\u00f6nnen sich die Sch\u00fclerinnen und Sch\u00fcler der Schellingschule ein gesundes Fr\u00fchst\u00fcck in unserer Cafeteria kaufen. Dieses wird t\u00e4glich vor Ort frisch zubereitet.\u00a0<\/p>\n\n<div class=\"wp-block-image is-style-rounded\">\n<figure class=\"alignleft size-large is-resized\"><a href=\"https:\/\/www.schellingschule.de\/wp-content\/uploads\/2023\/07\/Fruehstueck-scaled.jpg\"><img loading=\"lazy\" decoding=\"async\" class=\"wp-image-9701 alignleft\" src=\"https:\/\/www.schellingschule.de\/wp-content\/uploads\/2023\/07\/Fruehstueck-1024x768.jpg\" alt=\"\" width=\"422\" height=\"317\" srcset=\"https:\/\/www.schellingschule.de\/wp-content\/uploads\/2023\/07\/Fruehstueck-1024x768.jpg 1024w, https:\/\/www.schellingschule.de\/wp-content\/uploads\/2023\/07\/Fruehstueck-300x225.jpg 300w, https:\/\/www.schellingschule.de\/wp-content\/uploads\/2023\/07\/Fruehstueck-768x576.jpg 768w, https:\/\/www.schellingschule.de\/wp-content\/uploads\/2023\/07\/Fruehstueck-1536x1152.jpg 1536w, https:\/\/www.schellingschule.de\/wp-content\/uploads\/2023\/07\/Fruehstueck-2048x1536.jpg 2048w, https:\/\/www.schellingschule.de\/wp-content\/uploads\/2023\/07\/Fruehstueck-400x300.jpg 400w\" sizes=\"auto, (max-width: 422px) 100vw, 422px\" \/><\/a><\/figure><\/div>\n\n<h1>\u00a0 \u00a0 \u00a0 \u00a0 <img loading=\"lazy\" decoding=\"async\" class=\"alignnone\" src=\"https:\/\/www.schellingschule.de\/wp-content\/uploads\/2023\/07\/Fruehstueck-1-768x1024.jpg\" alt=\"Dieses Bild hat ein leeres Alt-Attribut. Der Dateiname ist Fruehstueck-1-768x1024.jpg\" width=\"303\" height=\"404\" \/><\/h1>\n<div>\n<div class=\"components-resizable-box__handle components-resizable-box__side-handle components-resizable-box__handle-right\">\u00a0<\/div>\n<\/div>\n<h1>Mittagessen:<\/h1>\n<\/p><p>F\u00fcr die Erst- und Zweitkl\u00e4ssler stellt die Triangel \u00a0das Mittagessen in unserer Cafeteria bereit.<br \/>Die Klassenstufen 3 und 4 nehmen ihr Essen in der Mensa der Triangel ein. Die Sch\u00fclerInnen k\u00f6nnen w\u00e4hlen, ob sie ihr Essen mit oder ohne Fleisch w\u00fcnschen.Das Essen wird t\u00e4glich frisch zubereitet.<\/p>\n<p>Zum Trinken gibt es f\u00fcr die Kinder Wasser. Im ersten Stockwerk befindet sich auch ein Trinkbrunnen, an dem die Kinder ihre Trinkflasche auff\u00fcllen k\u00f6nnen.<\/p>\n\n\n<p><\/p>\n","protected":false},"excerpt":{"rendered":"<p>Bei unserem Essen legen wir einen besonderen Wert auf die Frische der Lebensmittel und auf die Ber\u00fccksichtigung kultureller Hintergr\u00fcnde. Fr\u00fchst\u00fcck: Zwischen 9.00 Uhr und 9.15 Uhr k\u00f6nnen sich die Sch\u00fclerinnen und Sch\u00fcler der Schellingschule ein gesundes Fr\u00fchst\u00fcck in unserer Cafeteria &hellip; <a href=\"https:\/\/www.schellingschule.de\/?page_id=34\">Weiterlesen <span class=\"meta-nav\">&rarr;<\/span><\/a><\/p>\n","protected":false},"author":1,"featured_media":0,"parent":0,"menu_order":0,"comment_status":"closed","ping_status":"open","template":"sidebar-page.php","meta":{"footnotes":""},"class_list":["post-34","page","type-page","status-publish","hentry"],"_links":{"self":[{"href":"https:\/\/www.schellingschule.de\/index.php?rest_route=\/wp\/v2\/pages\/34","targetHints":{"allow":["GET"]}}],"collection":[{"href":"https:\/\/www.schellingschule.de\/index.php?rest_route=\/wp\/v2\/pages"}],"about":[{"href":"https:\/\/www.schellingschule.de\/index.php?rest_route=\/wp\/v2\/types\/page"}],"author":[{"embeddable":true,"href":"https:\/\/www.schellingschule.de\/index.php?rest_route=\/wp\/v2\/users\/1"}],"replies":[{"embeddable":true,"href":"https:\/\/www.schellingschule.de\/index.php?rest_route=%2Fwp%2Fv2%2Fcomments&post=34"}],"version-history":[{"count":26,"href":"https:\/\/www.schellingschule.de\/index.php?rest_route=\/wp\/v2\/pages\/34\/revisions"}],"predecessor-version":[{"id":10627,"href":"https:\/\/www.schellingschule.de\/index.php?rest_route=\/wp\/v2\/pages\/34\/revisions\/10627"}],"wp:attachment":[{"href":"https:\/\/www.schellingschule.de\/index.php?rest_route=%2Fwp%2Fv2%2Fmedia&parent=34"}],"curies":[{"name":"wp","href":"https:\/\/api.w.org\/{rel}","templated":true}]}}