{"id":2991,"date":"2014-01-05T18:06:57","date_gmt":"2014-01-05T16:06:57","guid":{"rendered":"http:\/\/www.schellingschule.de\/?page_id=2991"},"modified":"2023-10-19T14:56:27","modified_gmt":"2023-10-19T12:56:27","slug":"die-neue-ganztagesschule","status":"publish","type":"page","link":"https:\/\/www.schellingschule.de\/?page_id=2991","title":{"rendered":"Die Offene Ganztagesschule"},"content":{"rendered":"<div style=\"padding: 1pt 4pt; border: 1pt solid windowtext; mso-element: para-border-div; mso-border-alt: solid windowtext .5pt;\">\n<p style=\"margin: 0cm 0cm 10pt; padding: 0cm; border: currentColor; text-align: center; mso-border-alt: solid windowtext .5pt; mso-padding-alt: 1.0pt 4.0pt 1.0pt 4.0pt;\" align=\"center\"><b style=\"mso-bidi-font-weight: normal;\"><span style=\"line-height: 115%; font-family: 'Arial','sans-serif'; font-size: 18pt;\"><strong><span style=\"color: #000000;\">Kombinierbare und flexible Betreuungsangebote er\u00f6ffnen verschiedenste M\u00f6glichkeiten der Schulkindbetreuung<\/span><\/strong><\/span><\/b><\/p>\n<\/div>\n<p style=\"margin: 0cm 0cm 10pt; text-align: center;\" align=\"center\"><span style=\"text-decoration: underline;\"><span style=\"line-height: 115%; font-family: 'Arial','sans-serif'; font-size: 12pt;\"><span style=\"color: #000000;\">Die \u201eOffene Ganztagesschule\u201c:<\/span><\/span><\/span><\/p>\n<p style=\"margin: 0cm 0cm 10pt; text-align: justify;\"><span style=\"line-height: 115%; font-family: 'Arial','sans-serif'; font-size: 12pt;\"><span style=\"color: #000000;\">Seit dem\u00a0Schuljahr\u00a02013\/2014 ist die Schellingschule f\u00fcr alle Kinder der Grundschule eine \u201eOffene Ganztagesschule\u201c. Das hei\u00dft, bei entsprechendem Betreuungsbedarf k\u00f6nnen Eltern ihre Kinder zur Ganztagesschule anmelden. Von Montag bis Donnerstag sind die Ganztagessch\u00fcler <b style=\"mso-bidi-font-weight: normal;\"><strong><span style=\"font-family: Arial; font-size: medium;\">t\u00e4glich von 8.30 Uhr bis 15.30 Uhr<\/span><\/strong><\/b> an unserer Schule. Die Tage sind rhythmisiert und kindgem\u00e4\u00df<span style=\"mso-spacerun: yes;\"><span style=\"font-family: Arial; font-size: medium;\">\u00a0 <\/span><\/span>gestaltet. Vormittags und am Montag-, bzw. Dienstagnachmittag findet der Regelunterricht bei der Klassenlehrerin statt. Nach dem Mittagessen, das die Kinder gemeinsam einnehmen, gibt es <b style=\"mso-bidi-font-weight: normal;\"><strong><span style=\"font-family: Arial; font-size: medium;\">freie Spiel- bzw. Ruheangebote (Spielzeit).<\/span><\/strong><\/b> Anschlie\u00dfend finden gruppenweise die qualifizierte <b style=\"mso-bidi-font-weight: normal;\"><strong><span style=\"font-family: Arial; font-size: medium;\">Hausaufgabenbetreuung<\/span><\/strong><\/b> <b style=\"mso-bidi-font-weight: normal;\"><strong><span style=\"font-family: Arial; font-size: medium;\">(Lernzeit)<\/span><\/strong><\/b> und verschiedene <b style=\"mso-bidi-font-weight: normal;\"><strong><span style=\"font-family: Arial; font-size: medium;\">AG-Angebote<\/span><\/strong><\/b> statt. Die Klassenlehrerinnen konzipieren die Hausaufgaben so, dass sie im Rahmen der Ganztagesschule erledigt werden k\u00f6nnen. Unsere Schule ist bestrebt, die AG-Angebote stetig zu erweitern und an das Bewegungsbed\u00fcrfnis und an die Interessen unserer Sch\u00fcler anzupassen.<\/span><\/span><\/p>\n<p style=\"margin: 0cm 0cm 10pt; text-align: justify;\"><a href=\"\/wp-content\/uploads\/2018\/02\/StundentabelleGTS.pdf\">Weitere Informationen zur LERNZEIT &#8211; hier klicken!<\/a><\/p>\n<p>Die \u201eOffene Ganztagesschule\u201c muss f\u00fcr ein ganzes Schuljahr verbindlich gebucht werden und ist <b style=\"mso-bidi-font-weight: normal;\"><strong><span style=\"font-family: Arial; font-size: medium;\">kostenlos<\/span><\/strong><\/b>!<br \/>\nDas <b style=\"mso-bidi-font-weight: normal;\"><strong><span style=\"font-family: Arial; font-size: medium;\">Mittagessen<\/span><\/strong><\/b> umfasst eine Hauptmahlzeit und einen Nachtisch und kostet pro Tag 4 \u20ac. <span style=\"line-height: 115%; font-family: 'Arial','sans-serif'; font-size: 12pt;\"><span style=\"color: #000000;\">\u00a0<\/span><\/span><\/p>\n<p style=\"margin: 0cm 0cm 10pt; text-align: center;\" align=\"center\"><span style=\"text-decoration: underline;\"><span style=\"line-height: 115%; font-family: 'Arial','sans-serif'; font-size: 12pt;\"><span style=\"color: #000000;\">Die Fr\u00fch- und Sp\u00e4tbetreuung:<\/span><\/span><\/span><\/p>\n<p style=\"margin: 0cm 0cm 10pt; text-align: justify;\"><span style=\"line-height: 115%; font-family: 'Arial','sans-serif'; font-size: 12pt;\"><span style=\"color: #000000;\">Zus\u00e4tzlich zur Ganztagesschule k\u00f6nnen Betreuungsb\u00e4nder gebucht werden:<br \/>\nDie <b style=\"mso-bidi-font-weight: normal;\"><strong><span style=\"font-family: Arial; font-size: medium;\">Fr\u00fchbetreuung<\/span><\/strong><\/b> umfasst von Montag bis Freitag den Zeitraum von <b style=\"mso-bidi-font-weight: normal;\"><strong><span style=\"font-family: Arial; font-size: medium;\">7.00 Uhr-8.30 Uhr (Unterrichtsbeginn). <\/span><\/strong><\/b><span style=\"font-family: Arial; font-size: medium;\">Sie kann nicht f\u00fcr einzelne Tage, sondern nur f\u00fcr die Ganze Woche gebucht werden.<\/span><b style=\"mso-bidi-font-weight: normal;\"><strong><span style=\"font-family: Arial; font-size: medium;\"><br \/>\n<\/span><\/strong><\/b><\/span><\/span><\/p>\n<p style=\"margin: 0cm 0cm 10pt; text-align: justify;\"><span style=\"line-height: 115%; font-family: 'Arial','sans-serif'; font-size: 12pt;\"><span style=\"color: #000000;\">Die <b style=\"mso-bidi-font-weight: normal;\"><strong><span style=\"font-family: Arial; font-size: medium;\">Sp\u00e4tbetreuung<\/span><\/strong><\/b> beginnt nach dem Nachmittagsangebot um <b style=\"mso-bidi-font-weight: normal;\"><strong><span style=\"font-family: Arial; font-size: medium;\">15.30 Uhr und endet um 17.00 Uhr<\/span><\/strong><\/b>. F\u00fcr den <b style=\"mso-bidi-font-weight: normal;\"><strong><span style=\"font-family: Arial; font-size: medium;\">Freitagnachmittag<\/span><\/strong><\/b> kann ein separater Block von <b style=\"mso-bidi-font-weight: normal;\"><strong><span style=\"font-family: Arial; font-size: medium;\">12.15 Uhr bis 15.30 Uhr oder 17 Uhr<\/span><\/strong><\/b> gebucht werden.<\/span><\/span><\/p>\n<p><span style=\"color: #ff0000;\">Informationen<\/span> und <span style=\"color: #ff0000;\">Anmeldeformulare<\/span> f\u00fcr <span style=\"color: #ff0000;\">Betreuungsangebote zum Ganztag sowie zur Kernzeit bis 14.00<\/span> <span style=\"color: #ff0000;\">Uhr<\/span> erhalten Sie beim Team der <strong>Schulkindbetreuung der Stadt<\/strong> unter der<\/p>\n<p style=\"text-align: center;\"><span style=\"color: #ff0000;\"><strong>Telefonnummer: 07152-9904417 oder via Email: sshgts@leonberg.de<\/strong><\/span><\/p>\n<p style=\"margin: 0cm 0cm 10pt; text-align: justify;\"><span style=\"line-height: 115%; font-family: 'Arial','sans-serif'; font-size: 12pt;\"><span style=\"color: #000000;\">Diese Betreuungsb\u00e4nder sind Angebote der Stadt Leonberg und werden von P\u00e4dagogischen Mitarbeiterinnen gestaltet. Jedes Betreuungsmodul ist <span style=\"color: #ff0000;\"><b style=\"mso-bidi-font-weight: normal;\"><strong><span style=\"font-family: Arial; font-size: medium;\">kostenpflichtig<\/span><\/strong><\/b><\/span>. Die Anmeldung f\u00fcr diese Betreuungszeiten erfolgt bei den Mitarbeiterinnen der Schulkindbetreuung zu den jeweiligen \u00d6ffnungszeiten oder nach Terminvereinbarung. Dort k\u00f6nnen sich Eltern auch \u00fcber die Kosten der Betreuungsb\u00e4nder und \u00fcber die Ferienbetreuungsangebote informieren.<\/span><\/span><\/p>\n<p style=\"margin: 0cm 0cm 10pt; text-align: justify;\">Wenn Ihr Kind f\u00fcr ein oder mehrere Betreuungsb\u00e4nder angemeldet ist, bitten wir Sie, im <span style=\"color: #ff0000;\"><strong>Krankheitsfall<\/strong><\/span> zus\u00e4tzlich zur Schule auch noch die <strong>Betreuung<\/strong> zu informieren: Diese erreichen Sie unter der Telefonnummer <strong>07152-9904417<\/strong>. Vielen Dank!<\/p>\n<p style=\"margin: 0cm 0cm 10pt; text-align: center;\" align=\"center\"><span style=\"text-decoration: underline;\"><span style=\"line-height: 115%; font-family: 'Arial','sans-serif'; font-size: 12pt;\"><span style=\"color: #000000;\">Die Kernzeitbetreuung:<\/span><\/span><\/span><\/p>\n<p style=\"margin: 0cm 0cm 10pt; text-align: justify;\"><span style=\"line-height: 115%; font-family: 'Arial','sans-serif'; font-size: 12pt;\"><span style=\"color: #000000;\">Parallel zu den Angeboten der \u201eoffenen Ganztagesschule\u201c bietet die Stadt Leonberg an unserer Schule weiterhin eine <b style=\"mso-bidi-font-weight: normal;\"><strong><span style=\"font-family: Arial; font-size: medium;\">Kernzeitbetreuung<\/span><\/strong><\/b> an. Bereits in den vergangenen Schuljahren konnte f\u00fcr Grundsch\u00fcler der Klassen 1-4 von <strong>t\u00e4glich<\/strong> Montag bis Freitag von <b style=\"mso-bidi-font-weight: normal;\"><strong><span style=\"font-family: Arial; font-size: medium;\">12.15 Uhr bis 14 Uhr<\/span><\/strong><\/b> diese Betreuung gebucht werden. Sie ist <b style=\"mso-bidi-font-weight: normal;\"><strong><span style=\"font-family: Arial; font-size: medium;\">kostenpflichtig<\/span><\/strong><\/b> und kann f\u00fcr einzelne Tage der Woche in Anspruch genommen werden. Eltern, die ihr Kind f\u00fcr die Kernzeitbetreuung bis 14.00 Uhr angemeldet haben, k\u00f6nnen auch die Fr\u00fchbetreuung von 7.00 Uhr bis 8.30 Uhr buchen.<br \/>\n<\/span><\/span><\/p>\n<p style=\"margin: 0cm 0cm 10pt; text-align: justify;\"><span style=\"line-height: 115%; font-family: 'Arial','sans-serif'; font-size: 12pt;\"><span style=\"color: #000000;\">Die Teilnahme am Mittagessen ist f\u00fcr die Kernzeitkinder m\u00f6glich, aber nicht verpflichtend.\u00a0<\/span><\/span><span style=\"line-height: 115%; font-family: 'Arial','sans-serif'; font-size: 12pt;\"><span style=\"color: #000000;\">\u00a0<\/span><\/span><\/p>\n<p style=\"margin: 0cm 0cm 10pt; text-align: justify;\"><span style=\"line-height: 115%; font-family: 'Arial','sans-serif'; font-size: 12pt;\"><span style=\"color: #000000;\">Die Wahl der Betreuungsform hat keine Auswirkung auf die Klassenzuweisung der Kinder. In allen unseren Eingangsstufenklassen sind Ganztageskinder und Kernzeitkinder.<br \/>\nDie verschiedenen Betreuungsangebote der Stadt und die Spielzeit der Ganztagesschule finden in unseren <b style=\"mso-bidi-font-weight: normal;\"><strong><span style=\"font-family: Arial; font-size: medium;\">neu gestalteten R\u00e4umen<\/span><\/strong><\/b> in unserem Anbau statt. Das hei\u00dft, die Kinder werden nicht nach Betreuungsform getrennt, sondern d\u00fcrfen gemeinsam miteinander spielen und basteln. <b style=\"mso-bidi-font-weight: normal;\"><strong><span style=\"font-family: Arial; font-size: medium;\">P\u00e4dagogisches Personal, Lehrer\/innen und weitere qualifizierte Kr\u00e4fte arbeiten zum Wohle unserer Sch\u00fcler eng zusammen.<\/span><\/strong><\/b> Ausreichend Betreuungspersonal erm\u00f6glicht uns die gruppenweise Nutzung verschiedener R\u00e4umlichkeiten\/unserer Schulh\u00f6fe und die pers\u00f6nliche Hinwendung zu jedem einzelnen Kind!<\/span><\/span><\/p>\n<p><a href=\"http:\/\/www.schellingschule.de\/wp-content\/uploads\/2016\/02\/S-02-Stundetafel-GS-15-16-2.pdf\">Stundentafel der Ganztagesgrundschule &#8211; zur Betrachtung bitte auf diesen Link klicken!\u00a0<\/a><\/p>\n<p style=\"margin: 0cm 0cm 10pt;\"><span style=\"color: #000000; font-family: Calibri; font-size: medium;\">\u00a0<\/span><\/p>\n","protected":false},"excerpt":{"rendered":"<p>Kombinierbare und flexible Betreuungsangebote er\u00f6ffnen verschiedenste M\u00f6glichkeiten der Schulkindbetreuung Die \u201eOffene Ganztagesschule\u201c: Seit dem\u00a0Schuljahr\u00a02013\/2014 ist die Schellingschule f\u00fcr alle Kinder der Grundschule eine \u201eOffene Ganztagesschule\u201c. Das hei\u00dft, bei entsprechendem Betreuungsbedarf k\u00f6nnen Eltern ihre Kinder zur Ganztagesschule anmelden. Von Montag bis &hellip; <a href=\"https:\/\/www.schellingschule.de\/?page_id=2991\">Weiterlesen <span class=\"meta-nav\">&rarr;<\/span><\/a><\/p>\n","protected":false},"author":1,"featured_media":0,"parent":0,"menu_order":0,"comment_status":"closed","ping_status":"open","template":"sidebar-page.php","meta":{"footnotes":""},"class_list":["post-2991","page","type-page","status-publish","hentry"],"_links":{"self":[{"href":"https:\/\/www.schellingschule.de\/index.php?rest_route=\/wp\/v2\/pages\/2991","targetHints":{"allow":["GET"]}}],"collection":[{"href":"https:\/\/www.schellingschule.de\/index.php?rest_route=\/wp\/v2\/pages"}],"about":[{"href":"https:\/\/www.schellingschule.de\/index.php?rest_route=\/wp\/v2\/types\/page"}],"author":[{"embeddable":true,"href":"https:\/\/www.schellingschule.de\/index.php?rest_route=\/wp\/v2\/users\/1"}],"replies":[{"embeddable":true,"href":"https:\/\/www.schellingschule.de\/index.php?rest_route=%2Fwp%2Fv2%2Fcomments&post=2991"}],"version-history":[{"count":28,"href":"https:\/\/www.schellingschule.de\/index.php?rest_route=\/wp\/v2\/pages\/2991\/revisions"}],"predecessor-version":[{"id":9883,"href":"https:\/\/www.schellingschule.de\/index.php?rest_route=\/wp\/v2\/pages\/2991\/revisions\/9883"}],"wp:attachment":[{"href":"https:\/\/www.schellingschule.de\/index.php?rest_route=%2Fwp%2Fv2%2Fmedia&parent=2991"}],"curies":[{"name":"wp","href":"https:\/\/api.w.org\/{rel}","templated":true}]}}

<div style="padding: 1pt 4pt; border: 1pt solid windowtext; mso-element: para-border-div; mso-border-alt: solid windowtext .5pt;">
<p style="margin: 0cm 0cm 10pt; padding: 0cm; border: currentColor; text-align: center; mso-border-alt: solid windowtext .5pt; mso-padding-alt: 1.0pt 4.0pt 1.0pt 4.0pt;" align="center"><b style="mso-bidi-font-weight: normal;"><span style="line-height: 115%; font-family: 'Arial','sans-serif'; font-size: 18pt;"><strong><span style="color: #000000;">Kombinierbare und flexible Betreuungsangebote eröffnen verschiedenste Möglichkeiten der Schulkindbetreuung</span></strong></span></b></p>
</div>
<p style="margin: 0cm 0cm 10pt; text-align: center;" align="center"><span style="text-decoration: underline;"><span style="line-height: 115%; font-family: 'Arial','sans-serif'; font-size: 12pt;"><span style="color: #000000;">Die „Offene Ganztagesschule“:</span></span></span></p>
<p style="margin: 0cm 0cm 10pt; text-align: justify;"><span style="line-height: 115%; font-family: 'Arial','sans-serif'; font-size: 12pt;"><span style="color: #000000;">Seit dem Schuljahr 2013/2014 ist die Schellingschule für alle Kinder der Grundschule eine „Offene Ganztagesschule“. Das heißt, bei entsprechendem Betreuungsbedarf können Eltern ihre Kinder zur Ganztagesschule anmelden. Von Montag bis Donnerstag sind die Ganztagesschüler <b style="mso-bidi-font-weight: normal;"><strong><span style="font-family: Arial; font-size: medium;">täglich von 8.30 Uhr bis 15.30 Uhr</span></strong></b> an unserer Schule. Die Tage sind rhythmisiert und kindgemäß<span style="mso-spacerun: yes;"><span style="font-family: Arial; font-size: medium;">  </span></span>gestaltet. Vormittags und am Montag-, bzw. Dienstagnachmittag findet der Regelunterricht bei der Klassenlehrerin statt. Nach dem Mittagessen, das die Kinder gemeinsam einnehmen, gibt es <b style="mso-bidi-font-weight: normal;"><strong><span style="font-family: Arial; font-size: medium;">freie Spiel- bzw. Ruheangebote (Spielzeit).</span></strong></b> Anschließend finden gruppenweise die qualifizierte <b style="mso-bidi-font-weight: normal;"><strong><span style="font-family: Arial; font-size: medium;">Hausaufgabenbetreuung</span></strong></b> <b style="mso-bidi-font-weight: normal;"><strong><span style="font-family: Arial; font-size: medium;">(Lernzeit)</span></strong></b> und verschiedene <b style="mso-bidi-font-weight: normal;"><strong><span style="font-family: Arial; font-size: medium;">AG-Angebote</span></strong></b> statt. Die Klassenlehrerinnen konzipieren die Hausaufgaben so, dass sie im Rahmen der Ganztagesschule erledigt werden können. Unsere Schule ist bestrebt, die AG-Angebote stetig zu erweitern und an das Bewegungsbedürfnis und an die Interessen unserer Schüler anzupassen.</span></span></p>
<p style="margin: 0cm 0cm 10pt; text-align: justify;"><a href="/wp-content/uploads/2018/02/StundentabelleGTS.pdf">Weitere Informationen zur LERNZEIT &#8211; hier klicken!</a></p>
<p>Die „Offene Ganztagesschule“ muss für ein ganzes Schuljahr verbindlich gebucht werden und ist <b style="mso-bidi-font-weight: normal;"><strong><span style="font-family: Arial; font-size: medium;">kostenlos</span></strong></b>!<br />
Das <b style="mso-bidi-font-weight: normal;"><strong><span style="font-family: Arial; font-size: medium;">Mittagessen</span></strong></b> umfasst eine Hauptmahlzeit und einen Nachtisch und kostet pro Tag 4 €. <span style="line-height: 115%; font-family: 'Arial','sans-serif'; font-size: 12pt;"><span style="color: #000000;"> </span></span></p>
<p style="margin: 0cm 0cm 10pt; text-align: center;" align="center"><span style="text-decoration: underline;"><span style="line-height: 115%; font-family: 'Arial','sans-serif'; font-size: 12pt;"><span style="color: #000000;">Die Früh- und Spätbetreuung:</span></span></span></p>
<p style="margin: 0cm 0cm 10pt; text-align: justify;"><span style="line-height: 115%; font-family: 'Arial','sans-serif'; font-size: 12pt;"><span style="color: #000000;">Zusätzlich zur Ganztagesschule können Betreuungsbänder gebucht werden:<br />
Die <b style="mso-bidi-font-weight: normal;"><strong><span style="font-family: Arial; font-size: medium;">Frühbetreuung</span></strong></b> umfasst von Montag bis Freitag den Zeitraum von <b style="mso-bidi-font-weight: normal;"><strong><span style="font-family: Arial; font-size: medium;">7.00 Uhr-8.30 Uhr (Unterrichtsbeginn). </span></strong></b><span style="font-family: Arial; font-size: medium;">Sie kann nicht für einzelne Tage, sondern nur für die Ganze Woche gebucht werden.</span><b style="mso-bidi-font-weight: normal;"><strong><span style="font-family: Arial; font-size: medium;"><br />
</span></strong></b></span></span></p>
<p style="margin: 0cm 0cm 10pt; text-align: justify;"><span style="line-height: 115%; font-family: 'Arial','sans-serif'; font-size: 12pt;"><span style="color: #000000;">Die <b style="mso-bidi-font-weight: normal;"><strong><span style="font-family: Arial; font-size: medium;">Spätbetreuung</span></strong></b> beginnt nach dem Nachmittagsangebot um <b style="mso-bidi-font-weight: normal;"><strong><span style="font-family: Arial; font-size: medium;">15.30 Uhr und endet um 17.00 Uhr</span></strong></b>. Für den <b style="mso-bidi-font-weight: normal;"><strong><span style="font-family: Arial; font-size: medium;">Freitagnachmittag</span></strong></b> kann ein separater Block von <b style="mso-bidi-font-weight: normal;"><strong><span style="font-family: Arial; font-size: medium;">12.15 Uhr bis 15.30 Uhr oder 17 Uhr</span></strong></b> gebucht werden.</span></span></p>
<p><span style="color: #ff0000;">Informationen</span> und <span style="color: #ff0000;">Anmeldeformulare</span> für <span style="color: #ff0000;">Betreuungsangebote zum Ganztag sowie zur Kernzeit bis 14.00</span> <span style="color: #ff0000;">Uhr</span> erhalten Sie beim Team der <strong>Schulkindbetreuung der Stadt</strong> unter der</p>
<p style="text-align: center;"><span style="color: #ff0000;"><strong>Telefonnummer: 07152-9904417 oder via Email: sshgts@leonberg.de</strong></span></p>
<p style="margin: 0cm 0cm 10pt; text-align: justify;"><span style="line-height: 115%; font-family: 'Arial','sans-serif'; font-size: 12pt;"><span style="color: #000000;">Diese Betreuungsbänder sind Angebote der Stadt Leonberg und werden von Pädagogischen Mitarbeiterinnen gestaltet. Jedes Betreuungsmodul ist <span style="color: #ff0000;"><b style="mso-bidi-font-weight: normal;"><strong><span style="font-family: Arial; font-size: medium;">kostenpflichtig</span></strong></b></span>. Die Anmeldung für diese Betreuungszeiten erfolgt bei den Mitarbeiterinnen der Schulkindbetreuung zu den jeweiligen Öffnungszeiten oder nach Terminvereinbarung. Dort können sich Eltern auch über die Kosten der Betreuungsbänder und über die Ferienbetreuungsangebote informieren.</span></span></p>
<p style="margin: 0cm 0cm 10pt; text-align: justify;">Wenn Ihr Kind für ein oder mehrere Betreuungsbänder angemeldet ist, bitten wir Sie, im <span style="color: #ff0000;"><strong>Krankheitsfall</strong></span> zusätzlich zur Schule auch noch die <strong>Betreuung</strong> zu informieren: Diese erreichen Sie unter der Telefonnummer <strong>07152-9904417</strong>. Vielen Dank!</p>
<p style="margin: 0cm 0cm 10pt; text-align: center;" align="center"><span style="text-decoration: underline;"><span style="line-height: 115%; font-family: 'Arial','sans-serif'; font-size: 12pt;"><span style="color: #000000;">Die Kernzeitbetreuung:</span></span></span></p>
<p style="margin: 0cm 0cm 10pt; text-align: justify;"><span style="line-height: 115%; font-family: 'Arial','sans-serif'; font-size: 12pt;"><span style="color: #000000;">Parallel zu den Angeboten der „offenen Ganztagesschule“ bietet die Stadt Leonberg an unserer Schule weiterhin eine <b style="mso-bidi-font-weight: normal;"><strong><span style="font-family: Arial; font-size: medium;">Kernzeitbetreuung</span></strong></b> an. Bereits in den vergangenen Schuljahren konnte für Grundschüler der Klassen 1-4 von <strong>täglich</strong> Montag bis Freitag von <b style="mso-bidi-font-weight: normal;"><strong><span style="font-family: Arial; font-size: medium;">12.15 Uhr bis 14 Uhr</span></strong></b> diese Betreuung gebucht werden. Sie ist <b style="mso-bidi-font-weight: normal;"><strong><span style="font-family: Arial; font-size: medium;">kostenpflichtig</span></strong></b> und kann für einzelne Tage der Woche in Anspruch genommen werden. Eltern, die ihr Kind für die Kernzeitbetreuung bis 14.00 Uhr angemeldet haben, können auch die Frühbetreuung von 7.00 Uhr bis 8.30 Uhr buchen.<br />
</span></span></p>
<p style="margin: 0cm 0cm 10pt; text-align: justify;"><span style="line-height: 115%; font-family: 'Arial','sans-serif'; font-size: 12pt;"><span style="color: #000000;">Die Teilnahme am Mittagessen ist für die Kernzeitkinder möglich, aber nicht verpflichtend. </span></span><span style="line-height: 115%; font-family: 'Arial','sans-serif'; font-size: 12pt;"><span style="color: #000000;"> </span></span></p>
<p style="margin: 0cm 0cm 10pt; text-align: justify;"><span style="line-height: 115%; font-family: 'Arial','sans-serif'; font-size: 12pt;"><span style="color: #000000;">Die Wahl der Betreuungsform hat keine Auswirkung auf die Klassenzuweisung der Kinder. In allen unseren Eingangsstufenklassen sind Ganztageskinder und Kernzeitkinder.<br />
Die verschiedenen Betreuungsangebote der Stadt und die Spielzeit der Ganztagesschule finden in unseren <b style="mso-bidi-font-weight: normal;"><strong><span style="font-family: Arial; font-size: medium;">neu gestalteten Räumen</span></strong></b> in unserem Anbau statt. Das heißt, die Kinder werden nicht nach Betreuungsform getrennt, sondern dürfen gemeinsam miteinander spielen und basteln. <b style="mso-bidi-font-weight: normal;"><strong><span style="font-family: Arial; font-size: medium;">Pädagogisches Personal, Lehrer/innen und weitere qualifizierte Kräfte arbeiten zum Wohle unserer Schüler eng zusammen.</span></strong></b> Ausreichend Betreuungspersonal ermöglicht uns die gruppenweise Nutzung verschiedener Räumlichkeiten/unserer Schulhöfe und die persönliche Hinwendung zu jedem einzelnen Kind!</span></span></p>
<p><a href="http://www.schellingschule.de/wp-content/uploads/2016/02/S-02-Stundetafel-GS-15-16-2.pdf">Stundentafel der Ganztagesgrundschule &#8211; zur Betrachtung bitte auf diesen Link klicken! </a></p>
<p style="margin: 0cm 0cm 10pt;"><span style="color: #000000; font-family: Calibri; font-size: medium;"> </span></p>

<p>Kombinierbare und flexible Betreuungsangebote eröffnen verschiedenste Möglichkeiten der Schulkindbetreuung Die „Offene Ganztagesschule“: Seit dem Schuljahr 2013/2014 ist die Schellingschule für alle Kinder der Grundschule eine „Offene Ganztagesschule“. Das heißt, bei entsprechendem Betreuungsbedarf können Eltern ihre Kinder zur Ganztagesschule anmelden. Von Montag bis &hellip; <a href="https://www.schellingschule.de/?page_id=2991">Weiterlesen <span class="meta-nav">&rarr;</span></a></p>
