{"id":21,"date":"2012-12-03T17:04:35","date_gmt":"2012-12-03T15:04:35","guid":{"rendered":"http:\/\/www.textwerkstatt.de\/wp\/?page_id=21"},"modified":"2025-09-09T19:49:31","modified_gmt":"2025-09-09T17:49:31","slug":"kooperationspartner","status":"publish","type":"page","link":"https:\/\/www.schellingschule.de\/?page_id=21","title":{"rendered":"Kooperationspartner"},"content":{"rendered":"<p><a href=\"http:\/\/www.kinderakademie-leo.de\/#informationen\/179\" target=\"_blank\" rel=\"noopener noreferrer\">Hector Kinderakademie Leonberg<\/a><a href=\"https:\/\/www.schellingschule.de\/wp-content\/uploads\/2025\/09\/hector.png\" target=\"_blank\" rel=\"noopener noreferrer\"><img loading=\"lazy\" decoding=\"async\" class=\"alignnone wp-image-10645 \" src=\"https:\/\/www.schellingschule.de\/wp-content\/uploads\/2025\/09\/hector.png\" alt=\"\" width=\"124\" height=\"90\" \/><\/a><\/p>\n<p style=\"text-align: justify;\">Die Hector Stiftung II macht es m\u00f6glich, dass besonders begabte, interessierte und motivierte Kinder in ihren Talenten gef\u00f6rdert werden. Die Kurse sind ein freiwilliges, zus\u00e4tzliches Angebot im Rahmen der Begabtenf\u00f6rderung.<br \/>\nIn der Landesverfassung Baden-W\u00fcrttembergs steht im Artikel 11:<br \/>\n\u201eJeder junge Mensch hat ohne R\u00fccksicht auf Herkunft und wirtschaftliche Lage das Recht auf eine seiner Begabung entsprechende Erziehung und Ausbildung.\u201c<br \/>\n\u201eAlle Menschen sind vor dem Gesetz gleich\u201c \u2013 so steht es im Grundgesetz &#8211; aber sie sind unterschiedlich begabt.<br \/>\nBitte informieren Sie sich \u00fcber die M\u00f6glichkeiten und das aktuelle Angebot der Hector Kinderakademie Leonberg. Klicken Sie daf\u00fcr auf das gezeigte Logo bzw. den gezeigten Link.<\/p>\n<hr \/>\n<p><code> <\/code><\/p>\n<p><a href=\"https:\/\/www.schellingschule.de\/wp-content\/uploads\/2025\/09\/sportvereinleonberg.png\"><img loading=\"lazy\" decoding=\"async\" class=\"wp-image-10646 aligncenter\" src=\"https:\/\/www.schellingschule.de\/wp-content\/uploads\/2025\/09\/sportvereinleonberg-300x148.png\" alt=\"\" width=\"235\" height=\"116\" srcset=\"https:\/\/www.schellingschule.de\/wp-content\/uploads\/2025\/09\/sportvereinleonberg-300x148.png 300w, https:\/\/www.schellingschule.de\/wp-content\/uploads\/2025\/09\/sportvereinleonberg.png 320w\" sizes=\"auto, (max-width: 235px) 100vw, 235px\" \/><\/a><a href=\"http:\/\/www.sv-leonbergeltingen.de\/cms\/iwebs\/default.aspx\">Sportverein Leonberg\/Eltingen<\/a><br \/>\n<br class=\"clear\" \/>Der Sportverein Leonberg\/Eltingen wirkt an der Gestaltung unserer sportlichen Nachmittagsangebote mit.<\/p>\n<hr \/>\n<p><em><a href=\"http:\/\/www.pfiffikus-service.de\/\"><img loading=\"lazy\" decoding=\"async\" class=\"wp-image-7742 aligncenter\" src=\"https:\/\/www.schellingschule.de\/wp-content\/uploads\/2012\/12\/Pfiffikus-300x300.jpg\" alt=\"\" width=\"104\" height=\"104\" srcset=\"https:\/\/www.schellingschule.de\/wp-content\/uploads\/2012\/12\/Pfiffikus-300x300.jpg 300w, https:\/\/www.schellingschule.de\/wp-content\/uploads\/2012\/12\/Pfiffikus-150x150.jpg 150w, https:\/\/www.schellingschule.de\/wp-content\/uploads\/2012\/12\/Pfiffikus.jpg 500w\" sizes=\"auto, (max-width: 104px) 100vw, 104px\" \/><\/a>\u201ePfiffikus \u2013 der Service mit Herz\u201c \u2013 das ist der Leitspruch f\u00fcr unsere Arbeit. <\/em><em>Pfiffikus bietet Dienstleistungen in folgenden Bereichen an:<\/em><\/p>\n<ul>\n<li>Waschen \/ B\u00fcgeln \/ Mangeln<\/li>\n<li>Reinigen von Immobilien<\/li>\n<li>Essensausgabe und Pausenverkauf an mehreren Schulen<\/li>\n<li>Sp\u00fclk\u00fcchen von Mensen<\/li>\n<\/ul>\n<p>Pfiffikus hat sich neben der Kundenzufriedenheit das Ziel gesetzt, insbesondere f\u00fcr Menschen mit einem Handicap normalit\u00e4tsorientierte Arbeitspl\u00e4tze zu schaffen, sie f\u00fcr den allgemeinen Arbeitsmarkt zu qualifizieren und dadurch das Berufswahlspektrum dieses Personenkreises zu erweitern.<\/p>\n<p>Alleiniger Gesellschafter der Pfiffikus gGmbH ist der F\u00f6rderverein der Karl-Georg-Haldenwang-Schule Leonberg.<\/p>\n<hr \/>\n<p><a href=\"https:\/\/www.leonberg.de\/jugendmusikschule\" target=\"_blank\" rel=\"noopener noreferrer\"><img loading=\"lazy\" decoding=\"async\" class=\" wp-image-766 aligncenter\" src=\"\/wp-content\/uploads\/2012\/12\/jugendmusik.jpg\" alt=\"jugendmusik\" width=\"116\" height=\"85\" \/>Jugendmusikschule<\/a><br \/>\n<br class=\"clear\" \/><em>Die Jugendmusikschule bietet Eltern-Kind-Gruppen \u00fcber Einzel- und Gruppenunterricht Rhythmik in zahlreichen Instrumentalf\u00e4chern (2 &#8211; 4 Sch\u00fclerInnen) bis zum Erwachsenenunterricht und ist geeignet f\u00fcr alle Musikinteressierten vom Hobbymusiker bis zum angehenden Musikstudenten.<br \/>\n<\/em><\/p>\n<hr \/>\n<p><a href=\"https:\/\/www.schellingschule.de\/wp-content\/uploads\/2025\/09\/TriangelLogo-1.png\"><img loading=\"lazy\" decoding=\"async\" class=\" wp-image-10641 aligncenter\" src=\"https:\/\/www.schellingschule.de\/wp-content\/uploads\/2025\/09\/TriangelLogo-1.png\" alt=\"\" width=\"149\" height=\"111\" \/><\/a><a href=\"https:\/\/www.triangel-leonberg.de\">Triangel e.V.<\/a><\/p>\n<p>In der Schulmensa Triangel bereiten Ehrenamtliche von Montag bis Freitag f\u00fcr die Sch\u00fclerinnen und Sch\u00fcler der Schellingschule und der weiterf\u00fchrenden Schulen ein schmackhaftes und ern\u00e4hrungsbewusstes Mittagessen zu.<\/p>\n<p><a href=\"https:\/\/www.schellingschule.de\/wp-content\/uploads\/2025\/09\/FehlinglabLogo.png\"><img loading=\"lazy\" decoding=\"async\" class=\" wp-image-10642 aligncenter\" src=\"https:\/\/www.schellingschule.de\/wp-content\/uploads\/2025\/09\/FehlinglabLogo.png\" alt=\"\" width=\"141\" height=\"139\" \/><\/a><\/p>\n<p><a href=\"https:\/\/www.fehling-lab.de\">Fehling-Lab<\/a><\/p>\n<p>Das Fehling Lab ist ein Projekt der Universit\u00e4t Stuttgart und f\u00f6rdert das Interesse von Kindern und Jugendlichen an den Naturwissenschaften. Die Sch\u00fclerinnen und Sch\u00fcler arbeiten ausgestattet mit Labormantel und Schutzbrille \u00a0wie echte Forscher in verschiedenen Themenlaboren (Riech-, Strom-, Farb- und Kristalllabor u.v.m). Es werden einfache, altersgem\u00e4\u00dfe und motivierende Versuche durchgef\u00fchrt und mit Produkten aus dem Alltag der Bezug zur Realit\u00e4t hergestellt.<\/p>\n","protected":false},"excerpt":{"rendered":"<p>Hector Kinderakademie Leonberg Die Hector Stiftung II macht es m\u00f6glich, dass besonders begabte, interessierte und motivierte Kinder in ihren Talenten gef\u00f6rdert werden. Die Kurse sind ein freiwilliges, zus\u00e4tzliches Angebot im Rahmen der Begabtenf\u00f6rderung. In der Landesverfassung Baden-W\u00fcrttembergs steht im Artikel &hellip; <a href=\"https:\/\/www.schellingschule.de\/?page_id=21\">Weiterlesen <span class=\"meta-nav\">&rarr;<\/span><\/a><\/p>\n","protected":false},"author":1,"featured_media":0,"parent":0,"menu_order":0,"comment_status":"closed","ping_status":"open","template":"sidebar-page.php","meta":{"footnotes":""},"class_list":["post-21","page","type-page","status-publish","hentry"],"_links":{"self":[{"href":"https:\/\/www.schellingschule.de\/index.php?rest_route=\/wp\/v2\/pages\/21","targetHints":{"allow":["GET"]}}],"collection":[{"href":"https:\/\/www.schellingschule.de\/index.php?rest_route=\/wp\/v2\/pages"}],"about":[{"href":"https:\/\/www.schellingschule.de\/index.php?rest_route=\/wp\/v2\/types\/page"}],"author":[{"embeddable":true,"href":"https:\/\/www.schellingschule.de\/index.php?rest_route=\/wp\/v2\/users\/1"}],"replies":[{"embeddable":true,"href":"https:\/\/www.schellingschule.de\/index.php?rest_route=%2Fwp%2Fv2%2Fcomments&post=21"}],"version-history":[{"count":70,"href":"https:\/\/www.schellingschule.de\/index.php?rest_route=\/wp\/v2\/pages\/21\/revisions"}],"predecessor-version":[{"id":10651,"href":"https:\/\/www.schellingschule.de\/index.php?rest_route=\/wp\/v2\/pages\/21\/revisions\/10651"}],"wp:attachment":[{"href":"https:\/\/www.schellingschule.de\/index.php?rest_route=%2Fwp%2Fv2%2Fmedia&parent=21"}],"curies":[{"name":"wp","href":"https:\/\/api.w.org\/{rel}","templated":true}]}}